ime factors of 326.
2, 163
What are the prime factors of 1747?
1747
What are the prime factors of 83959?
113, 743
What are the prime factors of 12682?
2, 17, 373
What are the prime factors of 8618?
2, 31, 139
List the prime factors of 21994.
2, 7, 1571
List the prime factors of 89.
89
What are the prime factors of 4031?
29, 139
What are the prime factors of 282?
2, 3, 47
List the prime factors of 2607.
3, 11, 79
List the prime factors of 613.
613
What are the prime factors of 199?
199
What are the prime factors of 24747?
3, 73, 113
What are the prime factors of 28708?
2, 7177
List the prime factors of 830.
2, 5, 83
List the prime factors of 96.
2, 3
What are the prime factors of 122?
2, 61
List the prime factors of 6170.
2, 5, 617
What are the prime factors of 2669?
17, 157
List the prime factors of 101867.
23, 43, 103
What are the prime factors of 3487?
11, 317
What are the prime factors of 3517?
3517
List the prime factors of 95365.
5, 19073
List the prime factors of 12205.
5, 2441
List the prime factors of 21448.
2, 7, 383
List the prime factors of 4970.
2, 5, 7, 71
What are the prime factors of 1034?
2, 11, 47
What are the prime factors of 720?
2, 3, 5
What are the prime factors of 9196?
2, 11, 19
List the prime factors of 667.
23, 29
List the prime factors of 3834.
2, 3, 71
What are the prime factors of 1408?
2, 11
List the prime factors of 6355.
5, 31, 41
What are the prime factors of 543?
3, 181
What are the prime factors of 130?
2, 5, 13
List the prime factors of 12886.
2, 17, 379
List the prime factors of 7597.
71, 107
What are the prime factors of 772?
2, 193
What are the prime factors of 28406?
2, 7, 2029
List the prime factors of 22167.
3, 821
What are the prime factors of 3064?
2, 383
List the prime factors of 13179.
3, 23, 191
What are the prime factors of 1027?
13, 79
List the prime factors of 36641.
11, 3331
What are the prime factors of 82994?
2, 17, 2441
What are the prime factors of 459?
3, 17
List the prime factors of 18066.
2, 3, 3011
What are the prime factors of 2366?
2, 7, 13
List the prime factors of 133.
7, 19
What are the prime factors of 2992?
2, 11, 17
What are the prime factors of 221?
13, 17
What are the prime factors of 2367?
3, 263
List the prime factors of 18388.
2, 4597
What are the prime factors of 6791?
6791
List the prime factors of 538.
2, 269
What are the prime factors of 711?
3, 79
List the prime factors of 1152.
2, 3
List the prime factors of 26736.
2, 3, 557
What are the prime factors of 22252?
2, 5563
What are the prime factors of 15482?
2, 7741
What are the prime factors of 2782?
2, 13, 107
List the prime factors of 10740.
2, 3, 5, 179
List the prime factors of 9982.
2, 7, 23, 31
What are the prime factors of 1426?
2, 23, 31
What are the prime factors of 1060?
2, 5, 53
What are the prime factors of 185473?
31, 193
List the prime factors of 25939.
25939
What are the prime factors of 788?
2, 197
What are the prime factors of 4142?
2, 19, 109
List the prime factors of 2741.
2741
What are the prime factors of 975?
3, 5, 13
List the prime factors of 1762.
2, 881
What are the prime factors of 5927?
5927
What are the prime factors of 8095?
5, 1619
What are the prime factors of 734?
2, 367
What are the prime factors of 3343?
3343
List the prime factors of 348.
2, 3, 29
List the prime factors of 127.
127
What are the prime factors of 1845?
3, 5, 41
What are the prime factors of 3774?
2, 3, 17, 37
List the prime factors of 6892.
2, 1723
List the prime factors of 16571.
73, 227
List the prime factors of 7478.
2, 3739
List the prime factors of 52890.
2, 3, 5, 41, 43
What are the prime factors of 27649?
43, 643
List the prime factors of 2382.
2, 3, 397
List the prime factors of 30609.
3, 19, 179
List the prime factors of 932.
2, 233
What are the prime factors of 14822?
2, 7411
What are the prime factors of 2342?
2, 1171
What are the prime factors of 51428?
2, 13, 23, 43
What are the prime factors of 1929?
3, 643
What are the prime factors of 24005?
5, 4801
What are the prime factors of 71175?
3, 5, 13, 73
List the prime factors of 1018.
2, 509
What are the prime factors of 6925?
5, 277
What are the prime factors of 3768?
2, 3, 157
What are the prime factors of 7894?
2, 3947
List the prime factors of 265.
5, 53
List the prime factors of 14812.
2, 7, 23
List the prime factors of 1612.
2, 13, 31
List the prime factors of 18836.
2, 17, 277
List the prime factors of 2240.
2, 5, 7
What are the prime factors of 3736?
2, 467
What are the prime factors of 28045?
5, 71, 79
List the prime factors of 4529.
7, 647
What are the prime factors of 921?
3, 307
What are the prime factors of 93155?
5, 31, 601
List the prime factors of 55160.
2, 5, 7, 197
List the prime factors of 54882.
2, 3, 3049
What are the prime factors of 11975?
5, 479
What are the prime factors of 3353?
7, 479
What are the prime factors of 54565?
5, 7, 1559
What are the prime factors of 484?
2, 11
List the prime factors of 12183.
3, 31, 131
What are the prime factors of 33865?
5, 13, 521
List the prime factors of 552.
2, 3, 23
What are the prime factors of 695?
5, 139
List the prime factors of 13013.
7, 11, 13
What are the prime factors of 5412?
2, 3, 11, 41
What are the prime factors of 1773?
3, 197
What are the prime factors of 768?
2, 3
What are the prime factors of 124178?
2, 29, 2141
List the prime factors of 16610.
2, 5, 11, 151
List the prime factors of 34646.
2, 17, 1019
List the prime factors of 11650.
2, 5, 233
List the prime factors of 957.
3, 11, 29
What are the prime factors of 1020?
2, 3, 5, 17
List the prime factors of 5528.
2, 691
List the prime factors of 38088.
2, 3, 23
What are the prime factors of 8755?
5, 17, 103
List the prime factors of 3229.
3229
What are the prime factors of 1033?
1033
List the prime factors of 8230.
2, 5, 823
List the prime factors of 20118.
2, 3, 7, 479
What are the prime factors of 1173?
3, 17, 23
What are the prime factors of 26123?
151, 173
What are the prime factors of 29100?
2, 3, 5, 97
List the prime factors of 11683.
7, 1669
List the prime factors of 1125.
3, 5
List the prime factors of 108095.
5, 13, 1663
List the prime factors of 686.
2, 7
List the prime factors of 654.
2, 3, 109
What are the prime factors of 8229?
3, 13, 211
List the prime factors of 61550.
2, 5, 1231
What are the prime factors of 1369?
37
What are the prime factors of 4138?
2, 2069
What are the prime factors of 1618?
2, 809
What are the prime factors of 45543?
3, 17, 19, 47
What are the prime factors of 12297?
3, 4099
List the prime factors of 42302.
2, 13, 1627
List the prime factors of 9688.
2, 7, 173
List the prime factors of 637.
7, 13
List the prime factors of 19154.
2, 61, 157
What are the prime factors of 65299?
13, 5023
What are the prime factors of 1435?
5, 7, 41
List the prime factors of 4955.
5, 991
List the prime factors of 51482.
2, 25741
List the prime factors of 8401.
31, 271
What are the prime factors of 51906?
2, 3, 41, 211
List the prime factors of 135.
3, 5
What are the prime factors of 17143?
7, 31, 79
List the prime factors of 16531.
61, 271
What are the prime factors of 9476?
2, 23, 103
What are the prime factors of 6535?
5, 1307
What are the prime factors of 1277?
1277
List the prime factors of 830.
2, 5, 83
What are the prime factors of 1324?
2, 331
List the prime factors of 10495.
5, 2099
What are the prime factors of 4603?
4603
What are the prime factors of 1827?
3, 7, 29
List the prime factors of 6130.
2, 5, 613
List the prime factors of 3071.
37, 83
List the prime factors of 6146.
2, 7, 439
What are the prime factors of 2714?
2, 23, 59
What are the prime factors of 916?
2, 229
What are the prime factors of 297?
3, 11
What are the prime factors of 103010?
2, 5, 10301
List the prime factors of 71530.
2, 5, 23, 311
What are the prime factors of 2023?
7, 17
What are the prime factors of 1592?
2, 199
What are the prime factors of 23614?
2, 11807
List the prime factors of 1627.
1627
List the prime factors of 287.
7, 41
List the prime factors of 17173.
13, 1321
What are the prime factors of 10516?
2, 11, 239
List the prime factors of 1542.
2, 3, 257
What are the prime factors of 3717?
3, 7, 59
What are the prime factors of 2338?
2, 7, 167
List the prime factors of 3626.
2, 7, 37
What are the prime factors of 2815